{"id":286,"date":"2018-01-25T16:45:09","date_gmt":"2018-01-25T15:45:09","guid":{"rendered":"http:\/\/chateaucheretpitres.fr\/?page_id=286"},"modified":"2018-02-12T15:03:31","modified_gmt":"2018-02-12T14:03:31","slug":"accueil","status":"publish","type":"page","link":"https:\/\/chateaucheretpitres.fr\/","title":{"rendered":"Bienvenue"},"content":{"rendered":"<p>D\u00e9couvrez notre propri\u00e9t\u00e9 viticole familiale situ\u00e9e dans un environnement naturel privil\u00e9gi\u00e9 en plein c\u0153ur des Graves<\/p>\n<p style=\"text-align: center;\"><a class=\"maxbutton-1 maxbutton maxbutton-details\" href=\"http:\/\/chateaucheretpitres.fr\/index.php\/qui-sommes-nous\/\"><span class='mb-text'>En savoir plus<\/span><\/a>\n","protected":false},"excerpt":{"rendered":"<p>D\u00e9couvrez notre propri\u00e9t\u00e9 viticole familiale situ\u00e9e dans un environnement naturel privil\u00e9gi\u00e9 en plein c\u0153ur des Graves<\/p>\n","protected":false},"author":1,"featured_media":0,"parent":0,"menu_order":0,"comment_status":"closed","ping_status":"closed","template":"","meta":{"_mi_skip_tracking":false},"_links":{"self":[{"href":"https:\/\/chateaucheretpitres.fr\/index.php\/wp-json\/wp\/v2\/pages\/286"}],"collection":[{"href":"https:\/\/chateaucheretpitres.fr\/index.php\/wp-json\/wp\/v2\/pages"}],"about":[{"href":"https:\/\/chateaucheretpitres.fr\/index.php\/wp-json\/wp\/v2\/types\/page"}],"author":[{"embeddable":true,"href":"https:\/\/chateaucheretpitres.fr\/index.php\/wp-json\/wp\/v2\/users\/1"}],"replies":[{"embeddable":true,"href":"https:\/\/chateaucheretpitres.fr\/index.php\/wp-json\/wp\/v2\/comments?post=286"}],"version-history":[{"count":7,"href":"https:\/\/chateaucheretpitres.fr\/index.php\/wp-json\/wp\/v2\/pages\/286\/revisions"}],"predecessor-version":[{"id":301,"href":"https:\/\/chateaucheretpitres.fr\/index.php\/wp-json\/wp\/v2\/pages\/286\/revisions\/301"}],"wp:attachment":[{"href":"https:\/\/chateaucheretpitres.fr\/index.php\/wp-json\/wp\/v2\/media?parent=286"}],"curies":[{"name":"wp","href":"https:\/\/api.w.org\/{rel}","templated":true}]}}