{"id":13,"date":"2017-12-07T16:58:50","date_gmt":"2017-12-07T15:58:50","guid":{"rendered":"http:\/\/chateaucheretpitres.fr\/?page_id=13"},"modified":"2018-02-28T14:55:19","modified_gmt":"2018-02-28T13:55:19","slug":"qui-sommes-nous","status":"publish","type":"page","link":"https:\/\/chateaucheretpitres.fr\/index.php\/qui-sommes-nous\/","title":{"rendered":"L&rsquo; origine"},"content":{"rendered":"<h2>Notre arriv\u00e9e<\/h2>\n<p><img loading=\"lazy\" class=\"wp-image-43 alignleft\" src=\"http:\/\/chateaucheretpitres.fr\/wp-content\/uploads\/2018\/01\/DSC_3365-200x300.jpg\" alt=\"\" width=\"157\" height=\"236\" srcset=\"https:\/\/chateaucheretpitres.fr\/wp-content\/uploads\/2018\/01\/DSC_3365-200x300.jpg 200w, https:\/\/chateaucheretpitres.fr\/wp-content\/uploads\/2018\/01\/DSC_3365-768x1151.jpg 768w, https:\/\/chateaucheretpitres.fr\/wp-content\/uploads\/2018\/01\/DSC_3365-683x1024.jpg 683w\" sizes=\"(max-width: 157px) 100vw, 157px\" \/><\/p>\n<p style=\"text-align: left;\">Nous avons d\u00e9cid\u00e9 de nous installer au ch\u00e2teau Cheret Pitres en 2017 afin d&rsquo;entreprendre dans un projet commun en&nbsp;couple et de d\u00e9velopper une certaine qualit\u00e9 de vie&nbsp;\u00e0 partager et \u00e0 transmettre \u00e0 nos 3 enfants.<\/p>\n<p style=\"text-align: left;\">Issus du milieu agricole, nous sommes dans un univers orient\u00e9 vers la terre&nbsp;et un produit vivant, rythm\u00e9 par la&nbsp;nature et les saisons, dont les activit\u00e9s sont&nbsp;vari\u00e9es et concr\u00e8tes.<\/p>\n<p style=\"text-align: left;\">Nous avons \u00e9t\u00e9 s\u00e9duits par le beau terroir de graves compos\u00e9 de galets m\u00e9lang\u00e9s de sable et par l&rsquo;environnement naturel qu&rsquo;offre la maison de ma\u00eetre situ\u00e9e dans les m\u00e9andres de la Garonne.<\/p>\n<p>&nbsp;<\/p>\n<p>&nbsp;<\/p>\n<div class=\"hrule clearfix\"><\/div>\n<p>&nbsp;<\/p>\n<h2>L&rsquo;histoire du ch\u00e2teau<\/h2>\n<p style=\"text-align: left;\"><img loading=\"lazy\" class=\"alignright size-medium wp-image-41\" src=\"http:\/\/chateaucheretpitres.fr\/wp-content\/uploads\/2018\/01\/Cheret-Pitres-300x130.jpg\" alt=\"\" width=\"300\" height=\"130\" srcset=\"https:\/\/chateaucheretpitres.fr\/wp-content\/uploads\/2018\/01\/Cheret-Pitres-300x130.jpg 300w, https:\/\/chateaucheretpitres.fr\/wp-content\/uploads\/2018\/01\/Cheret-Pitres-768x334.jpg 768w, https:\/\/chateaucheretpitres.fr\/wp-content\/uploads\/2018\/01\/Cheret-Pitres-1024x445.jpg 1024w\" sizes=\"(max-width: 300px) 100vw, 300px\" \/>&nbsp;Le&nbsp;ch\u00e2teau Cheret Pitres doit son nom au lieu-dit sur lequel il est situ\u00e9&nbsp;\u00ab\u00a0Pitres\u00a0\u00bb et \u00e0 la maison de ma\u00eetre \u00ab\u00a0Cheret\u00a0\u00bb dont il d\u00e9pendait dans le village de Portets&nbsp;d\u00e8s&nbsp;son origine en&nbsp;1728.<\/p>\n<p>&nbsp;<\/p>\n<p>&nbsp;<\/p>\n<h2>&nbsp;<\/h2>\n<div class=\"hrule clearfix\"><\/div>\n<p>&nbsp;<\/p>\n<h2>Qui sommes-nous ?<\/h2>\n<p><img loading=\"lazy\" class=\" wp-image-29 aligncenter\" src=\"http:\/\/chateaucheretpitres.fr\/wp-content\/uploads\/2018\/01\/DSC01438-300x200.jpeg\" alt=\"Aurore et Nicolas\" width=\"359\" height=\"239\"><\/p>\n<div class=\"row\"> <div class=\"col-md-6\">\n<p class=\"font_7\" style=\"text-align: justify; padding-left: 90px;\">Petite-fille d\u2019agriculteur, le monde de mes grands-parents a toujours \u00e9t\u00e9 un ressourcement.&nbsp;Apr\u00e8s ma formation d\u2019ergoth\u00e9rapeute en Belgique, j\u2019ai&nbsp;enseign\u00e9 ma profession un an en Tunisie. Ce fut enrichissant humainement. J\u2019ai pu&nbsp;d\u00e9couvrir une autre culture et d\u00fb&nbsp;m\u2019y adapter.&nbsp;Depuis plus de 10 ans j\u2019ai travaill\u00e9 en Neurologie,&nbsp;en Rhumatologie et essentiellement en Psychiatrie \u00e0 Sainte Anne et au CH d\u2019Orsay.&nbsp;Terre, Cr\u00e9ation et Relation sont des concepts qui vibrent en moi.&nbsp;J\u2019aime le travail de la terre et la philosophie qu\u2019elle impose&nbsp;; \u00eatre \u00e0 l\u2019\u00e9coute de ce qu\u2019elle offre, aller \u00e0 son rythme. La fabrication du vin est une vrai cr\u00e9ation qui allie l\u2019identit\u00e9 du vigneron et la force du terroir. Il illustre aussi dans notre culture le sens du partage et du vivre ensemble<\/p>\n<h3 class=\"font_7\" style=\"padding-left: 90px;\"><span class=\"color_34\" style=\"color: #800000;\"><em>Aurore<\/em>&nbsp;<\/span><\/h3>\n<\/div><div class=\"col-md-6\">\n<p class=\"font_7\" style=\"text-align: justify; padding-left: 90px;\">Issu du milieu agricole, apr\u00e8s mon dipl\u00f4me d&rsquo;Ing\u00e9nieur en Agriculture, j&rsquo;ai souhait\u00e9 m&rsquo;orienter dans l&rsquo;univers&nbsp;du vin&nbsp;en&nbsp;effectuant le mast\u00e8re gestionnaire de domaines viticoles \u00e0 L&rsquo;ENITA de Bordeaux.&nbsp;Mes exp\u00e9riences&nbsp;chez Veuve Clicquot Ponsardin, Ch\u00e2teau Rauzan-S\u00e9gla et Ch\u00e2teau Beychevelle m&rsquo;ont permis de d\u00e9velopper des connaissances techniques en passant par les diff\u00e9rentes activit\u00e9s&nbsp;au vignoble et au chai. J&rsquo;ai \u00e9t\u00e9 ensuite acheteur vins et champagnes pendant 10 ans en grande distribution. Outre les aptitudes commerciales, marketing et de n\u00e9gociation, j&rsquo;ai pu appr\u00e9hender la&nbsp;diversit\u00e9 des intervenants et la richesse des vignobles en&nbsp;France.<\/p>\n<h3 class=\"font_7\" style=\"padding-left: 90px;\"><span style=\"color: #800000;\"><em><span class=\"color_34\">Nicolas<\/span><\/em><\/span><\/h3>\n<\/div><\/div>\n<p>&nbsp;<\/p>\n<p>&nbsp;<\/p>\n","protected":false},"excerpt":{"rendered":"<p>Notre arriv\u00e9e Nous avons d\u00e9cid\u00e9 de nous installer au ch\u00e2teau Cheret Pitres en 2017 afin d&rsquo;entreprendre dans un projet commun en&nbsp;couple et de d\u00e9velopper une certaine qualit\u00e9 de vie&nbsp;\u00e0 partager et \u00e0 transmettre \u00e0 nos 3 enfants. Issus du milieu &hellip; <a href=\"https:\/\/chateaucheretpitres.fr\/index.php\/qui-sommes-nous\/\">Lire la suite\u00ad\u00ad<\/a><\/p>\n","protected":false},"author":1,"featured_media":29,"parent":0,"menu_order":0,"comment_status":"closed","ping_status":"closed","template":"page-fullwidth.php","meta":{"_mi_skip_tracking":false},"_links":{"self":[{"href":"https:\/\/chateaucheretpitres.fr\/index.php\/wp-json\/wp\/v2\/pages\/13"}],"collection":[{"href":"https:\/\/chateaucheretpitres.fr\/index.php\/wp-json\/wp\/v2\/pages"}],"about":[{"href":"https:\/\/chateaucheretpitres.fr\/index.php\/wp-json\/wp\/v2\/types\/page"}],"author":[{"embeddable":true,"href":"https:\/\/chateaucheretpitres.fr\/index.php\/wp-json\/wp\/v2\/users\/1"}],"replies":[{"embeddable":true,"href":"https:\/\/chateaucheretpitres.fr\/index.php\/wp-json\/wp\/v2\/comments?post=13"}],"version-history":[{"count":54,"href":"https:\/\/chateaucheretpitres.fr\/index.php\/wp-json\/wp\/v2\/pages\/13\/revisions"}],"predecessor-version":[{"id":386,"href":"https:\/\/chateaucheretpitres.fr\/index.php\/wp-json\/wp\/v2\/pages\/13\/revisions\/386"}],"wp:featuredmedia":[{"embeddable":true,"href":"https:\/\/chateaucheretpitres.fr\/index.php\/wp-json\/wp\/v2\/media\/29"}],"wp:attachment":[{"href":"https:\/\/chateaucheretpitres.fr\/index.php\/wp-json\/wp\/v2\/media?parent=13"}],"curies":[{"name":"wp","href":"https:\/\/api.w.org\/{rel}","templated":true}]}}